Let k = -6 + u. Let x be b(k). Calculate the highest common factor of x and 35.
7
Suppose 0*y = -2*y + 20. Calculate the highest common factor of 20 and y.
10
Suppose 272 = 8*q - 4*q. What is the greatest common factor of 170 and q?
34
Let d = -52 + 80. Let n(b) = -2*b**3 - 3*b**2 - 3*b - 3. Suppose -r - r - 4 = 0. Let h be n(r). Calculate the greatest common factor of h and d.
7
Let p be (2/(10/(-3)))/((-2)/90). Calculate the highest common factor of p and 27.
27
Let c(a) = a**2 - 2*a + 4. Let o be c(3). Calculate the highest common factor of o and 28.
7
Let c = 76 - 20. Let m be (-12)/(-14)*c/4. Suppose 2*r + 7*z - 2*z - 172 = 0, 5*r - 3*z = 492. What is the highest common divisor of m and r?
12
Let v = -24 + 30. Calculate the highest common factor of 48 and v.
6
Let o = -665 + 1041. Calculate the highest common divisor of 47 and o.
47
Let q(d) = 4*d - 2. Let k be q(-3). Let s = 20 + k. Suppose 0 = 5*l - 12 - 3. Calculate the highest common divisor of s and l.
3
Let m be (-23 - 1)*4/(-8). Suppose -37 = -v - m. Calculate the greatest common divisor of v and 10.
5
Let f(u) = 26*u**2 + 1. Let b be f(-1). Let p = b + -6. Calculate the greatest common divisor of p and 231.
21
Suppose -a = 3*u + 6, 3*a - 4*a - 14 = 5*u. Let b be 32 - (-1 - a/(-2)). Calculate the highest common factor of 6 and b.
6
Suppose 34 + 26 = 5*t. Let y = 10 - -10. Let r be (-8)/y*(0 - 15). Calculate the greatest common divisor of t and r.
6
Let v(x) = -x**2 + 10*x + 6. Let w be v(6). Calculate the highest common factor of w and 10.
10
Suppose 0*t = -3*t - 4*j + 34, 2*t = -4*j + 16. What is the greatest common divisor of 45 and t?
9
Let z(u) = -u**3 + 10*u**2 - 4*u. Let j be z(4). Suppose -4*q + j = 4*s, 4*s = -2*q + 6*s + 40. What is the highest common divisor of q and 5?
5
Let y be 10/(-55) - 717/(-11). What is the highest common factor of 26 and y?
13
Let c(g) = 2*g + 1. Suppose 4*p + 6 = -n, 4*n - 4*p = 7 + 9. Let u be c(n). Let z be 2/u + 136/10. Calculate the highest common factor of z and 98.
14
Let l(h) = h**2 - 5*h + 6. Let v be l(4). Let g = 5 - v. Let c be g/3 - 2*-10. Calculate the highest common divisor of c and 3.
3
Suppose -6*i = -i. Suppose -2*j + 0*j = -p - 41, j + 5*p - 15 = i. Suppose -2*u = -0*u - j. Calculate the greatest common divisor of u and 90.
10
Let t be (1 - -4)*(-6)/(-10). Suppose 4*x - 92 = -t*v - v, 0 = -5*x + 2*v + 129. What is the highest common divisor of 100 and x?
25
Suppose 5*k - 12 = 23. Calculate the highest common divisor of 21 and k.
7
Let m be 9678/39 + 12/(-78). Calculate the highest common factor of 31 and m.
31
Let n(x) = -x**3 + 8*x**2 + x. Let o be 2/(-5) + (-54)/(-10). Let f be n(o). Let j be 3*f/(-18)*-3. Calculate the highest common divisor of 16 and j.
8
Let c(p) = -2*p**3 - 3*p**2 + 3*p. Let i be c(-5). Suppose -40 + i = 4*o. Let k = 110 + -98. Calculate the highest common factor of k and o.
6
Let r(b) = b + 1. Let k be r(-1). Suppose k = q + q. Suppose -2*i + 8 = -q. Calculate the highest common divisor of i and 28.
4
Suppose -2*r + 28 = -4*r. Let q be r/(-4)*(-60)/(-35). Suppose 4*h + 4 = 0, 5*a - 33 - 181 = 4*h. Calculate the highest common factor of a and q.
6
Suppose -4*h - 3*b = -94 + 3, b - 67 = -3*h. What is the greatest common factor of h and 33?
11
Let d = 13 - 50. Let n = d - -59. Let f be (44/20)/((-1)/(-5)). What is the greatest common divisor of f and n?
11
Let v(l) = l**2 - 3*l. Let i be v(8). Let m(d) = -d**2 + 2*d. Let z be m(2). Suppose 2*k + 0*k - 20 = z. What is the highest common factor of i and k?
10
Let a be 5/(-2)*16/(-10). Let h(x) = 16*x**2. Let v be h(1). Calculate the highest common divisor of a and v.
4
Let h(z) be the third derivative of z**6/120 + z**5/60 - z**4/3 + z**3/3 + 7*z**2. Let w be h(3). What is the highest common divisor of 14 and w?
14
Let f be (-115)/(-4) + 3/(-4). Calculate the greatest common divisor of f and 7.
7
Suppose 0 = -4*x - 34 + 154. What is the greatest common divisor of 10 and x?
10
Suppose 164 = 5*p + 4. What is the greatest common divisor of p and 320?
32
Let n = -36 - -19. Let f = -6 - n. Calculate the greatest common factor of 88 and f.
11
Let f = 17 + -13. Suppose -f*y + 50 = -14. Calculate the greatest common factor of 4 and y.
4
Suppose 0*s + 2*s = 272. Let n = 216 - s. What is the greatest common divisor of n and 10?
10
Let g(i) = 8*i - 1. Suppose 0 = -k - k + 2. Let d be g(k). What is the highest common divisor of d and 7?
7
Let f(v) = v**2 - 10*v + 1. Let g be f(11). Let k(n) = 23*n**2 - n + 2. Let l be k(-2). What is the highest common divisor of l and g?
12
Let w = 11 + -20. Let j = 14 + w. Let p = j + -4. Calculate the highest common factor of p and 4.
1
Let v(i) = -i**2 + 11*i - 7. Let x be v(7). What is the highest common divisor of 21 and x?
21
Suppose m - 5 = -3*r, -2*m + 10 = -3*r - 0*r. Suppose r*u = -u + 44. What is the highest common divisor of u and 110?
22
Let p(n) = -2*n - 1. Let g be p(8). Let h = 38 - g. Calculate the greatest common divisor of 11 and h.
11
Let j(h) = 22*h + 3. Let i be j(-2). Suppose 4*t + 0*t = 5*l + 273, 0 = 5*l + 4*t + 297. Let s = i - l. What is the highest common divisor of s and 24?
8
Let g(b) = b**3 - 2*b**2 + 4*b - 2. Let h be g(4). Let q = 42 - 16. Let l = h - q. Calculate the greatest common divisor of 8 and l.
4
Let g = -8 + 13. Suppose 5*b + 9 - 1 = -l, -g*l = 5*b. Let n be ((-2)/4)/(b/144). What is the highest common divisor of 24 and n?
12
Suppose 4*i - 27 = -h, -2*i = 5*h - 0*i - 117. What is the highest common factor of 23 and h?
23
Suppose 5*f = 3*f + 120. Suppose 13*l + 312 = 26*l. Calculate the greatest common factor of f and l.
12
Let h = -7 + 15. Let g(s) = 2*s**2 - 2*s + 5. Let z be g(h). What is the greatest common factor of z and 13?
13
Let f(a) = -a**3 - 2*a**2 - a. Let s be f(-4). Let o(u) = u**2 - 4*u - 9. Let i be o(7). Calculate the highest common divisor of i and s.
12
Let w = 139 + -51. Suppose q + 2 = 3*z + w, 0 = -4*z - 12. What is the greatest common factor of q and 11?
11
Let v = -13 + 23. Suppose 0 = -b - 5*n + v, -4*n = 4*b - 40 + 16. What is the greatest common divisor of 15 and b?
5
Let m be -2 + (2 - 0)*6. Let p be ((-12)/m)/((-9)/120). Let g = -9 - -25. Calculate the highest common divisor of p and g.
16
Let a(j) = -j + 1. Let v be a(3). Let k be ((-135)/v)/(6/8). What is the highest common factor of k and 10?
10
Let v be (2 - (-1)/(-3))*3. Let h(z) = 33*z**3 + z**2 - z - 1. Let y be h(-1). Let p = 47 + y. What is the highest common factor of p and v?
5
Let t(i) = -i**3 + 4*i**2 + 7. Let k be t(5). Let l be 2/(-9) - 166/k. Calculate the highest common factor of l and 99.
9
Let m = 0 - -2. Let p = -630 + 634. What is the highest common divisor of p and m?
2
Let f be 1 + -1 - (-1 + -1). Let t be 1 + f*25*-1. Let b = t + 74. Calculate the greatest common divisor of b and 5.
5
Suppose n + 0 = 3. Suppose 2*o + n = -4*l - l, 0 = -2*l - 6. Calculate the greatest common factor of 4 and o.
2
Suppose 6*k - 296 = 2*k. Let i = k - 40. Suppose -44 - 109 = -3*b. Calculate the greatest common factor of b and i.
17
Let t be 4/(-6)*(-4 + -8). Calculate the highest common factor of 16 and t.
8
Let x(u) = 8 + 11*u + 13*u - 9*u. Let k be x(6). Let p = 37 + -23. What is the greatest common factor of k and p?
14
Let t = 5 - 3. Let q(z) = 2 + 3*z - t*z - 4. Let l be q(6). What is the highest common divisor of 12 and l?
4
Suppose n + 4*n = 0. Suppose 0 = -4*y - n*y + 20. Suppose 3*q - 27 = 3*a, -y*a = -4*q - 0*a + 41. Calculate the highest common factor of q and 16.
4
Let r(v) = 0 + 2 - 3*v + 0*v - 2*v**2 + 3*v**2. Let m be r(13). What is the greatest common factor of m and 12?
12
Let q = 15 + 62. Suppose -3*p + q = -2*p. Calculate the greatest common divisor of 11 and p.
11
Let c be 0 + 5 + (66 - 56). Let g be (-3)/(-12) - 838/(-8). Calculate the greatest common factor of c and g.
15
Suppose -3*d = -52 + 10. What is the greatest common divisor of d and 2?
2
Let g(b) = -b**2 - b + 2. Let i be g(-2). Let y be 3/((-2)/(-2) - i). Suppose k = y*k - 182. Calculate the highest common divisor of k and 13.
13
Let s = -2 - -23. What is the greatest common factor of 7 and s?
7
Suppose -4*w + 16 = 0, -5*w + 8 = -p - w. Suppose g + 3 = 2*a + 5, 0 = 4*a - 3*g + p. Calculate the greatest common factor of 2 and a.
1
